{"id":13,"date":"2020-02-17T16:53:13","date_gmt":"2020-02-17T19:53:13","guid":{"rendered":"https:\/\/www.oralcentersp.com.br\/blog\/?page_id=13"},"modified":"2020-02-17T17:24:27","modified_gmt":"2020-02-17T20:24:27","slug":"oralcenter-sp","status":"publish","type":"page","link":"https:\/\/www.oralcentersp.com.br\/blog\/oralcenter-sp\/","title":{"rendered":"Oralcenter-SP"},"content":{"rendered":"\n<h2 class=\"wp-block-heading\">Cl\u00ednica Odontol\u00f3gica da Fam\u00edlia <\/h2>\n\n\n\n<figure class=\"wp-block-image size-large\"><img fetchpriority=\"high\" decoding=\"async\" width=\"851\" height=\"310\" src=\"https:\/\/www.oralcentersp.com.br\/blog\/wp-content\/uploads\/2020\/02\/capa-face.png\" alt=\"\" class=\"wp-image-21\" srcset=\"https:\/\/www.oralcentersp.com.br\/blog\/wp-content\/uploads\/2020\/02\/capa-face.png 851w, https:\/\/www.oralcentersp.com.br\/blog\/wp-content\/uploads\/2020\/02\/capa-face-300x109.png 300w, https:\/\/www.oralcentersp.com.br\/blog\/wp-content\/uploads\/2020\/02\/capa-face-768x280.png 768w\" sizes=\"(max-width: 851px) 100vw, 851px\" \/><\/figure>\n\n\n\n<p>Unindo mais do que conhecimento t\u00e9cnico, cient\u00edfico, did\u00e1tico, cl\u00ednico e tecnol\u00f3gico Dr. Antonio e Dra. Milene iniciaram a fus\u00e3o das empresas ADRIME Assist\u00eancia Odontol\u00f3gica (1996) com Oral Center Cl\u00ednica Odontol\u00f3gica (1982) e algum tempo depois a sua uni\u00e3o conjugal.<\/p>\n\n\n\n<p>Hoje marido e mulher, comandam pessoal e diariamente com carinho e afeto a sa\u00fade oral de seus pacientes, sempre preocupados n\u00e3o s\u00f3 com a parte t\u00e9cnica, mas a parte humana, focados na busca da melhoria da autoestima e qualidade de vida.<\/p>\n\n\n\n<p>Aos pacientes, muitos deles amigos e conhecidos pr\u00f3ximos, os melhores agradecimentos pela confian\u00e7a, respeito e escolha do nosso trabalho de reabilita\u00e7\u00e3o oral, funcional e est\u00e9tica, bem como de nossa cl\u00ednica.<\/p>\n","protected":false},"excerpt":{"rendered":"<p>Cl\u00ednica Odontol\u00f3gica da Fam\u00edlia Unindo mais do que conhecimento t\u00e9cnico, cient\u00edfico, did\u00e1tico, cl\u00ednico e tecnol\u00f3gico Dr. Antonio e Dra. Milene iniciaram a fus\u00e3o das empresas ADRIME Assist\u00eancia Odontol\u00f3gica (1996) com Oral Center Cl\u00ednica Odontol\u00f3gica (1982) e algum tempo depois a sua uni\u00e3o conjugal. Hoje marido e mulher, comandam pessoal e diariamente com carinho e afeto [&hellip;]<\/p>\n","protected":false},"author":2,"featured_media":0,"parent":0,"menu_order":0,"comment_status":"closed","ping_status":"closed","template":"","meta":{"footnotes":""},"class_list":["post-13","page","type-page","status-publish","hentry"],"_links":{"self":[{"href":"https:\/\/www.oralcentersp.com.br\/blog\/wp-json\/wp\/v2\/pages\/13","targetHints":{"allow":["GET"]}}],"collection":[{"href":"https:\/\/www.oralcentersp.com.br\/blog\/wp-json\/wp\/v2\/pages"}],"about":[{"href":"https:\/\/www.oralcentersp.com.br\/blog\/wp-json\/wp\/v2\/types\/page"}],"author":[{"embeddable":true,"href":"https:\/\/www.oralcentersp.com.br\/blog\/wp-json\/wp\/v2\/users\/2"}],"replies":[{"embeddable":true,"href":"https:\/\/www.oralcentersp.com.br\/blog\/wp-json\/wp\/v2\/comments?post=13"}],"version-history":[{"count":3,"href":"https:\/\/www.oralcentersp.com.br\/blog\/wp-json\/wp\/v2\/pages\/13\/revisions"}],"predecessor-version":[{"id":24,"href":"https:\/\/www.oralcentersp.com.br\/blog\/wp-json\/wp\/v2\/pages\/13\/revisions\/24"}],"wp:attachment":[{"href":"https:\/\/www.oralcentersp.com.br\/blog\/wp-json\/wp\/v2\/media?parent=13"}],"curies":[{"name":"wp","href":"https:\/\/api.w.org\/{rel}","templated":true}]}}